 the prime factors of n.
107
Suppose 0 = -3*t + 4*c + 26, 4*t + c = -c - 2. List the prime factors of 1 + -54*(-27)/t.
2, 5, 73
Let d(o) = o**3 - 20*o**2 - 21*o + 4. Let k be d(21). List the prime factors of -7 - -1 - -1221 - k.
7, 173
Let i = -10046 + 17523. What are the prime factors of i?
7477
Let z(q) = -7*q + 655. What are the prime factors of z(41)?
2, 23
Let f(s) = 6 + 29*s - 9*s**2 + 11*s**2 - 7*s**2. Let v be f(6). Suppose v = 2*m - 86 - 76. What are the prime factors of m?
3
Suppose 3*b + 11 - 26 = 0. Suppose 0 = b*h - 2*h - 2052. List the prime factors of h.
2, 3, 19
Let o = -1 - -11. Let x = 68 + -63. Suppose 2*v - o = -0*v, -2*v + 135 = x*t. What are the prime factors of t?
5
Suppose 0*s = 2*s - 84. Let g be 69*2/s - 6/21. Suppose 2*k - 81 = -g*j + 12, 3*k + 108 = 3*j. List the prime factors of j.
3, 11
Let f = 391 - 361. Suppose 32*a - f*a = 678. List the prime factors of a.
3, 113
Let p = 278 + -277. Suppose 0 = y + 6 - p, 2*y = -i + 147. What are the prime factors of i?
157
Let h(u) = -u**3 - 4*u**2 - 2*u - 4. Let n be h(-4). Suppose -g - 3*f + 80 = -365, 4*f = -n*g + 1740. List the prime factors of g.
2, 5, 43
Let p be (-1386)/12 - (-3 - (-3)/2). Let f = -102 - p. What are the prime factors of (246/9)/(2*4/f)?
41
Suppose 7*w = -11*w - 3456. Let a = 13 - w. List the prime factors of a.
5, 41
Suppose 0*r = 5*u - r - 35, 0 = 4*u - r - 27. Suppose -u*k - k = -63. Suppose 0 = k*i + 4*i - 264. What are the prime factors of i?
2, 3
Suppose 0 = -56*u + 47*u + 7200. Let v = 2195 - u. List the prime factors of v.
3, 5, 31
Let x = -27824 - -47598. List the prime factors of x.
2, 9887
Suppose -3*n + 27 = -i, -2*n - 3*i = -i - 18. List the prime factors of 0/2 + (400 - (-4 + n)).
5, 79
Let q be (634*3)/(75/50). Suppose 55*m + q = 59*m. List the prime factors of m.
317
Suppose 262*y = 233*y + 290. List the prime factors of y.
2, 5
Let m(f) = f**2 - 19*f - 36. Let h be m(20). Let d = 25 + h. Suppose -4*k = -119 - d. What are the prime factors of k?
2
Let s = -47 - -52. Let l be 5/(s/766) + 2. Suppose 4*t = 4*f - l, -4*t - 954 = -5*f - 2*t. What are the prime factors of f?
2, 5, 19
Suppose 0 = 82*i - 533184 + 245014 - 316170. What are the prime factors of i?
2, 5, 11, 67
Let o = 25569 + -17688. List the prime factors of o.
3, 37, 71
Let r(c) = -155*c**3 - 2*c - 2. Let q be r(-1). Let j = q - 76. Suppose 4*z + w = -z + 75, -4*z + j = -3*w. What are the prime factors of z?
2
Let g = 77883 - 41750. What are the prime factors of g?
23, 1571
Let z(l) = -211*l - 9. Suppose 0 = -2*f + 9*f + 14. Let u be z(f). Suppose 6*h = 49 + u. List the prime factors of h.
7, 11
Let d(f) = 16*f + 23. Let q(t) = -t**2 - 4*t - 1. Let a be q(-2). Suppose 0 = 4*v + a*u - 23, -4*u - 3 - 3 = -2*v. What are the prime factors of d(v)?
103
Suppose 0 = 33*k - 11*k - 2992. Suppose 0*u - 5*f = u - k, 0 = 5*u + 5*f - 780. What are the prime factors of u?
7, 23
List the prime factors of (7 - -2 - (-21 - 120))*(-364)/(-5).
2, 3, 5, 7, 13
Suppose 390 = 5*l + 5*q, -4*l - 5*q + 9*q = -344. Let f = l - 63. Suppose -25*t + 1050 = -f*t. List the prime factors of t.
5, 7
Suppose -6601 + 31387 = 3*c + 3*f, 9 = 3*f. What are the prime factors of c?
3, 2753
Suppose -879*m + 871*m = -7736. Suppose 0*j + j + 3*g = m, 5*g + 3953 = 4*j. List the prime factors of j.
2, 491
Suppose 0 = 275*j - 272*j - 4*p - 207, 0 = 5*j + p - 368. List the prime factors of j.
73
Let w(u) = 2*u**2 - 11*u + 14. Let s be w(4). Suppose -223 - 71 = -s*a. Let x = a - 49. What are the prime factors of x?
2, 7
Let q(z) = -3*z - 20. Let n be q(-7). Let m(p) = 614*p**2 - 5*p + 6. List the prime factors of m(n).
3, 5, 41
Let c = -133 - -113. Let v(x) = -10*x - 9. List the prime factors of v(c).
191
Let f = -14238 - -22805. What are the prime factors of f?
13, 659
Suppose -5*l - 2 - 2 = 4*b, -5*l + 3 = -3*b. Suppose l*w - 4*w + 43 = 3*s, 5*w + 3*s - 56 = 0. Let g(t) = -t**2 + 15*t. What are the prime factors of g(w)?
2, 13
Let c be 1/(13/(-26) - (-4)/10). Let j(t) = -t**3 - 5*t**2 + 15*t + 6. What are the prime factors of j(c)?
2, 89
Suppose 2*j - 4*y + 0*y = 64, 5*j + 3*y = 108. Suppose -27*p + 1350 = -j*p. List the prime factors of p.
2, 3, 5
Let f = 110 - 112. List the prime factors of (28 - 24) + 1 + 298 + f.
7, 43
Suppose -2*c + 0 - 7 = -l, -15 = 4*c - l. What are the prime factors of (1122/85)/(c/(-10))?
3, 11
List the prime factors of ((-3)/6 + 0 - 682269/(-42)) + 0.
2, 31, 131
Let h(z) = z**2 - 8*z - 12. Let t be h(13). Let u = t + -50. Suppose 4*g = u*g + 53. What are the prime factors of g?
53
Suppose -60 = -4*x + 4*u, 2*u = -4*x + 3*u + 66. Let b be ((-9)/6 - -1)*-42. Suppose -x*f + b*f = 392. List the prime factors of f.
2, 7
Let u be (126/24 - 4)*16. List the prime factors of (382/6*1)/(u/60).
191
Suppose -q + 3863 = 3*v, v = -q - 4*q + 1297. Let a = 2414 - v. List the prime factors of a.
7, 23
Let c be (7/42 - (-1778)/(-12))*-1. Let i = c + 90. Suppose -g = -2*u - u + 178, 0 = 4*u - 2*g - i. What are the prime factors of u?
59
Suppose -5*c = 5*c - 11610. Suppose 4*z - c = -4*k + 1155, 2*z - 4*k = 1152. List the prime factors of z.
2, 17
Suppose -4*m + 184744 = -4*h, -3*h - 6509 = 2*m - 98896. List the prime factors of m.
11, 13, 17, 19
Suppose -4*a + y + 176 + 276 = 0, 0 = -3*a + 4*y + 339. Let i = a + 132. List the prime factors of i.
5, 7
Suppose 24012*g = 24043*g - 1076630. List the prime factors of g.
2, 5, 23, 151
Suppose -i - 621 = -5*j + 75, 5*i + j = -3532. Let u = i + 1682. List the prime factors of u.
2, 61
Let i(a) = 11*a**2 - 11*a + 16. Let f = 6 - -2. Let v be i(f). Suppose -6*s - 134 + v = 0. What are the prime factors of s?
83
Let f(l) = 141*l**3 + 9*l**2 + 62*l - 516. What are the prime factors of f(7)?
2, 17, 1433
Suppose -3*v - 324 = -2*j + j, -3*v = 4*j - 1221. Suppose 0 = 3*g + n + 291, -4*g + 5*n = -g + j. Let o = g + 106. List the prime factors of o.
2
Suppose 0 = -3*y - 15 + 6. Let f be ((y/(-9))/(-1))/(1/(-729)). Suppose 398 = 5*s - 2*g, -3*s - 5*g = -2*g - f. List the prime factors of s.
2, 5
Suppose z + 1 = -2*y - y, 2*y + 2 = 0. Suppose 2*g = -3*i + 133 + 331, z*i = -5*g + 1160. List the prime factors of g.
2, 29
Let u = 578 - 551. Suppose -11*i + 46778 = u*i. What are the prime factors of i?
1231
Let h(f) = 257*f**2 + 244*f + 4. List the prime factors of h(-10).
2, 727
Suppose -5*g + 2 = -3*i, 0 = i - 0*i + 4. Let f be g*((-1)/(-5))/((-2)/55). Suppose 5*k + f = 736. List the prime factors of k.
5, 29
Let i(u) = -u**3 - 93*u**2 - 129*u + 683. List the prime factors of i(-92).
61, 67
Suppose -2*m = -2*s - 12, -5*m = -2*s + 4*s - 37. Suppose -m = -6*o + 65. Suppose -o = 2*b - y - 60, 46 = 2*b - 2*y. List the prime factors of b.
5
Let i(k) = 47*k + 10. Let c be i(-4). Let n = c + 257. List the prime factors of n.
79
Let m(i) = -1247*i**3 - 4*i**2 + 41*i + 131. List the prime factors of m(-3).
33641
Let s(k) = 25*k**2 - k + 22. Let j be s(-5). Suppose -790*y + 789*y + j = 0. List the prime factors of y.
2, 163
Let u(z) = 3*z**2 + 108*z + 3974. What are the prime factors of u(-146)?
2, 89, 293
Let s = 23331 - 16353. What are the prime factors of s?
2, 3, 1163
Suppose 34*j + 39*j + 89073 - 806079 = 0. What are the prime factors of j?
2, 3, 1637
Let g(f) = 5*f - 12. Let u be g(3). Suppose -u*t - 2*o = -17, -3*t - o + 11 = -2. Suppose -t*i + 0*i + 438 = 0. List the prime factors of i.
2, 73
Suppose 11*x - 295084 = 7*x - 4*k, 0 = -2*x - 3*k + 147535. List the prime factors of x.
2, 37, 997
Suppose 11*t = 269356 - 84164 + 422998. What are the prime factors of t?
2, 3, 5, 19, 97
Let k be 2/(-3) + -15 + 168/9. List the prime factors of (-2)/k*1/(-2)*2316.
2, 193
Let l(y) = -14*y + 63. Let p(g) = 26*g - 126. Let r(n) = -7*l(n) - 3*p(n). List the prime factors of r(9).
3, 13
Suppose -21*d = 75*d - 20*d. Let j(y) be the second derivative of -2*y**3/3 + 104*y**2 - y. List the prime factors of j(d).
2, 13
Suppose -2*j - 2*f + 8 = 2*j, -j - 5*f + 2 = 0. Suppose 5*l + 125 = 5*c, 8*c - 104 = 3*c - j*l. What are the prime factors of c?
2, 11
Suppose 4*m = x - 383, 9*m - 266 = 12*m - 5*x. Let p = 227 + m. List the prime factors of p.
2, 5, 13
Let u(d) = 113*d**3 - d**2 + 2*d + 3. Let n = 460 + -458. What are the prime factors of u(n)?
907
Suppose 3*s + 2*j = -132 + 5, j = -2. Let f = s + 44. Suppos